{"id":531,"date":"2020-08-18T10:34:22","date_gmt":"2020-08-18T10:34:22","guid":{"rendered":"https:\/\/graverstvo.info\/trgovina\/?post_type=product&#038;p=531"},"modified":"2021-04-04T09:20:51","modified_gmt":"2021-04-04T09:20:51","slug":"graviran-obesek-za-psa-in-muco-zvezda","status":"publish","type":"product","link":"https:\/\/graverstvo.info\/trgovina\/izdelek\/graviran-obesek-za-psa-in-muco-zvezda\/","title":{"rendered":"Graviran obesek za psa in muco &#8211; zvezda"},"content":{"rendered":"<p>Graviran obesek za psa in ma\u010dko &#8211; zvezda<\/p>\n<ul>\n<li>Ve\u010dja varnost za va\u0161e hi\u0161ne ljubljen\u010dke<\/li>\n<li>Kovinski neizbrisljiv graviran obesek<\/li>\n<li>Na voljo v razli\u010dnih barvah &#8211; enkratna kombinacija z ovratnico<\/li>\n<li>Kakovosten obesek za dolgo obstojnost<\/li>\n<li>Z gravuro va\u0161ega telefona, e-maila,&#8230; ki omogo\u010da nekomu , ki je \u017eival na\u0161el, da vas takoj kontaktira<\/li>\n<li>Prilo\u017eena robustna rinka, ki pove\u017ee <a href=\"https:\/\/graverstvo.info\/trgovina\/product\/graviran-obesek-za-muce\/\">graviran obesek<\/a> z ovratnico<\/li>\n<li>Hitra izdelava 1-3 dni<\/li>\n<li>Ne povzro\u010da alergij<\/li>\n<li>Vodoodporen<\/li>\n<li>Velikost graviranega obeska 36 x 35 <span id=\"sku_102271228964527_100014064_self\" class=\"val\" data-spm-anchor-id=\"a2g0s.9042311.0.i3.27424c4d5q3VlZ\">mm<\/span><\/li>\n<li>Lahek iz eloksiranega aluminija<\/li>\n<li>Neizbrisljiva gravura<\/li>\n<li>Debelina 1 mm<\/li>\n<\/ul>\n<hr \/>\n<blockquote class=\"wp-embedded-content\" data-secret=\"uFjRHhKVLy\"><p><a href=\"https:\/\/www.nalepke.net\/Artikel\/pazi-na-cistoco-za-vasim-kuzkom-vedno-poberite-iztrebke\/\">Pazi na \u010disto\u010do &#8211; za va\u0161im ku\u017ekom vedno poberite iztrebke<\/a><\/p><\/blockquote>\n<p><iframe class=\"wp-embedded-content\" sandbox=\"allow-scripts\" security=\"restricted\" style=\"position: absolute; clip: rect(1px, 1px, 1px, 1px);\" title=\"&#8220;Pazi na \u010disto\u010do &#8211; za va\u0161im ku\u017ekom vedno poberite iztrebke&#8221; &#8212; www.Nalepke.net\" src=\"https:\/\/www.nalepke.net\/Artikel\/pazi-na-cistoco-za-vasim-kuzkom-vedno-poberite-iztrebke\/embed\/#?secret=uFjRHhKVLy\" data-secret=\"uFjRHhKVLy\" width=\"600\" height=\"338\" frameborder=\"0\" marginwidth=\"0\" marginheight=\"0\" scrolling=\"no\"><\/iframe><\/p>\n<hr \/>\n<p><a href=\"http:\/\/www.stampiljke.net\">www.stampiljke.net<\/a><\/p>\n","protected":false},"excerpt":{"rendered":"<p>Graviran obesek za psa in ma\u010dko &#8211; zvezda Ve\u010dja varnost za va\u0161e hi\u0161ne ljubljen\u010dke Kovinski neizbrisljiv graviran obesek Na voljo v razli\u010dnih barvah &#8211; enkratna kombinacija z ovratnico Kakovosten obesek za dolgo obstojnost Z gravuro va\u0161ega telefona, e-maila,&#8230; ki omogo\u010da nekomu , ki je \u017eival na\u0161el, da vas takoj kontaktira Prilo\u017eena robustna rinka, ki pove\u017ee [&hellip;]<\/p>\n","protected":false},"featured_media":541,"template":"","meta":{"_monsterinsights_skip_tracking":false,"_monsterinsights_sitenote_active":false,"_monsterinsights_sitenote_note":"","_monsterinsights_sitenote_category":0,"loftloader_page_shortcode":""},"product_brand":[],"product_cat":[31,16,15],"product_tag":[29,20,22,30,19,28,18],"class_list":{"0":"post-531","1":"product","2":"type-product","3":"status-publish","4":"has-post-thumbnail","6":"product_cat-obeski-za-zivali","7":"product_cat-gravirani-obeski-za-muce","8":"product_cat-gravirani-obeski-za-pse","9":"product_tag-gravirani-obeski-za-pse","10":"product_tag-hisni_ljubljencki","11":"product_tag-muce","12":"product_tag-obesek-za-psa","13":"product_tag-obesek_za_zivali_z_gravuro","14":"product_tag-obeski-za-pse","15":"product_tag-zivali","16":"wcpa_has_options","18":"first","19":"instock","20":"sale","21":"sold-individually","22":"shipping-taxable","23":"purchasable","24":"product-type-variable"},"aioseo_notices":[],"_links":{"self":[{"href":"https:\/\/graverstvo.info\/trgovina\/wp-json\/wp\/v2\/product\/531","targetHints":{"allow":["GET"]}}],"collection":[{"href":"https:\/\/graverstvo.info\/trgovina\/wp-json\/wp\/v2\/product"}],"about":[{"href":"https:\/\/graverstvo.info\/trgovina\/wp-json\/wp\/v2\/types\/product"}],"wp:featuredmedia":[{"embeddable":true,"href":"https:\/\/graverstvo.info\/trgovina\/wp-json\/wp\/v2\/media\/541"}],"wp:attachment":[{"href":"https:\/\/graverstvo.info\/trgovina\/wp-json\/wp\/v2\/media?parent=531"}],"wp:term":[{"taxonomy":"product_brand","embeddable":true,"href":"https:\/\/graverstvo.info\/trgovina\/wp-json\/wp\/v2\/product_brand?post=531"},{"taxonomy":"product_cat","embeddable":true,"href":"https:\/\/graverstvo.info\/trgovina\/wp-json\/wp\/v2\/product_cat?post=531"},{"taxonomy":"product_tag","embeddable":true,"href":"https:\/\/graverstvo.info\/trgovina\/wp-json\/wp\/v2\/product_tag?post=531"}],"curies":[{"name":"wp","href":"https:\/\/api.w.org\/{rel}","templated":true}]}}